)). Let o be c(x). Calculate the greatest common factor of o and 24.
12
Let l be ((-780)/(-910))/((-9)/(-210)). Calculate the greatest common divisor of 4860 and l.
20
Suppose 0 = -2*o - 2*m + 1674, 0 = -17*o + 11*o + 2*m + 4974. What is the greatest common divisor of o and 6?
3
Let k(g) be the first derivative of g**3/3 - g**2 - 18*g - 17. Let a be k(14). Let s(l) = l - 3. Let p be s(18). What is the highest common divisor of a and p?
15
Suppose -6 = -s - 5*a + 9, -3*s + 5 = -5*a. Suppose -30 = -s*q + 30. Suppose 0 = 4*x, -5*x + 18 = 4*m - 6. Calculate the highest common factor of m and q.
6
Let a = 10403 - 3658. Calculate the highest common factor of a and 57.
19
Suppose -d + 11 = -2*g, -8 - 17 = -d - 5*g. Suppose d*m + 126 = 2286. What is the highest common divisor of 6 and m?
6
Let z = 24694 + -24488. What is the highest common factor of z and 17819?
103
Let x = -35336 - -36350. Calculate the greatest common divisor of x and 5226.
78
Let c = 31 - -3. Let g = 23 - 8. Suppose 4*v + p - 125 - g = 0, 4 = p. Calculate the greatest common divisor of v and c.
34
Let x be 26 - (-5 + (-54)/(-9)). Suppose 319 = x*n - 206. Suppose 0*r = 2*r - 462. What is the greatest common factor of n and r?
21
Let d(y) = 14 - 79 + 19*y - 8 - 96 - 12. Let l be d(10). What is the greatest common factor of l and 531?
9
Suppose -44*y + 3*y + 288 = 31*y. Calculate the highest common divisor of y and 2408.
4
Let u(k) = -32*k - 184. Let f(h) = 7*h + 46. Let i(d) = 26*f(d) + 6*u(d). Let p be i(8). Calculate the highest common factor of 33 and p.
3
Suppose -3*u + 88 = 4*o, -u + 5*o = -2 - 40. Suppose u*m - 8760 = -8*m. Calculate the greatest common divisor of m and 365.
73
Let w(b) = -b**3 - 3*b**2 + 417*b + 78. Let d be w(-22). Let g(t) = -89*t + 2. Let k be g(-2). Calculate the highest common factor of d and k.
20
Let w(i) = 3*i**3 - 113*i**2 + 111*i - 22. Let n be w(37). Calculate the highest common divisor of 12 and n.
3
Let l be (-136)/(-5) + 5/(-25). Let n(z) = 3*z**2 - 10*z + 4. Let v be (-4)/14 - 153/(-21). Let f be n(v). What is the highest common divisor of f and l?
27
Let s(c) = -c**3 + 5*c**2 + 16*c + 4. Suppose 13*u = 34 + 57. Let f be s(u). What is the greatest common divisor of f and 48?
6
Suppose -196 = 2*y + 4*c, y = 6*y + 5*c + 465. Let i = y + 92. Let t be ((-10)/(-6) + -1)*(i - -104). Calculate the highest common factor of t and 9.
9
Suppose 748 = 4*n - 2*a, 811 + 126 = 5*n - 3*a. Calculate the highest common divisor of n and 518.
37
Suppose -7*h + 797 = -645. Let j = -156 + h. Calculate the highest common divisor of 130 and j.
10
Suppose -2*r + 44 = 5*c - 55, 0 = 5*c + r - 97. Let f(q) = -q**3 - 3*q + 3. Let n be f(5). Let o = n + 270. What is the highest common factor of c and o?
19
Let i be (7590/275)/(1/10). Calculate the highest common divisor of i and 1196.
92
Suppose -7 = 4*k + 5*m, 6*m + 4 = -k + 4*m. Suppose -k*o - 2*w = -16 - 0, -w = -4. Suppose 0 = -o*a + 51 + 21. Calculate the highest common factor of 162 and a.
18
Let d be 345/35 + (-24)/28. Let z(v) = -12*v + 180. Let q be z(d). What is the greatest common divisor of q and 36?
36
Let k be (25/(-10) + 4)*-6. Let u = 12 + k. Suppose 2*v - 12 = -2*i + 4*v, i - 8 = u*v. What is the greatest common factor of 55 and i?
5
Let g be 6/(-4)*12/18*-6. Let u(v) = -v**2 + 10*v - 18. Let c be u(g). Suppose -s + 7 = c. Calculate the highest common factor of 4 and s.
1
Suppose 3*y - 3*u = 2*y - 16, 3*y - 3*u + 18 = 0. Let k = 22 - y. Let g be (-322)/(-1)*364/1274. What is the highest common divisor of g and k?
23
Suppose 877 - 4358 - 1415 = -72*y. What is the highest common divisor of y and 10880?
68
Suppose -6*b + 743 + 175 = 0. Suppose -306 = 53*j - 71*j. What is the greatest common factor of b and j?
17
Let x(o) = 3*o**2 - 4*o + 1. Suppose -10 + 5 = g. Let c be x(g). Suppose 217 = -8*s - k + 736, 0 = -s + 5*k + 29. What is the highest common divisor of s and c?
32
Suppose 302*t + 270 = 311*t. What is the greatest common divisor of 2175 and t?
15
Suppose x = 3*o + 201, -2*o - 38*x - 134 = -35*x. Let s = 220 + o. What is the greatest common factor of 9 and s?
9
Suppose -x + 168 = 3*x - 4*o, -x - 3*o = -26. Suppose -5*s - c = c - x, -3*s + 6 = -3*c. Calculate the greatest common divisor of 18 and s.
6
Suppose 89*f + 100 = 99*f. Suppose -f*k + 0*k = -500. What is the greatest common divisor of 2 and k?
2
Suppose 271 - 50 = c. Let a = 59 + -25. Calculate the highest common factor of c and a.
17
Suppose 316*x = 301*x + 1830. Calculate the highest common factor of x and 244.
122
Suppose 389*b - 115*b = 4110. Calculate the greatest common divisor of b and 2505.
15
Suppose 0*b - b = -1, j = -3*b + 21. Suppose -j*n + 15 = -17*n. Suppose -5*i = -50 + n. What is the greatest common divisor of 2 and i?
1
Let k be 973 - ((-24)/24 - -5). Calculate the greatest common factor of k and 408.
51
Suppose 18*m - 14721 + 7343 = 10748. What is the highest common factor of m and 380?
19
Suppose 182 + 418 = -w. Let r be w/(-20)*2/3. Suppose 0 = -r*i + 21*i - 2. What is the highest common divisor of i and 18?
2
Suppose -91 = -19*y + 4 + 95. Calculate the greatest common divisor of y and 3460.
10
Suppose -11937*p + 11951*p - 154 = 0. Let f = 1 + -2. Let a be (5/15)/(f/(-231)). Calculate the greatest common divisor of a and p.
11
Let x be (-284)/(4*(-2)/12). Let a be (-1)/(-4) - (5/4 - 7). Calculate the greatest common divisor of x and a.
6
Let q = -6572 - -6599. Calculate the greatest common divisor of q and 1656.
9
Let t be ((-378)/(-45))/((-26)/(-20) - 1). Suppose -o + 4*x = -86, -5*x = 2*o - 9*x - 184. Calculate the highest common factor of t and o.
14
Suppose -96*i + 191235 + 517533 = 0. Calculate the highest common divisor of 69 and i.
69
Let z = -27 + 29. Suppose 0 = z*r + 1 - 7. Suppose -6*k + 42 = -r*k. What is the highest common factor of 2 and k?
2
Suppose 1418014 - 100478 + 719884 = 140*r. Calculate the greatest common factor of 99 and r.
99
Let s be ((-939)/22 + (-4)/(-22))*(-1 + -3). Calculate the greatest common factor of 1445 and s.
85
Suppose 51*q = -10*q + 12200. Calculate the highest common divisor of 23200 and q.
200
Let x be (-126)/(((-52)/208)/(1/2)). What is the highest common divisor of 980 and x?
28
Let t be 1 + -4 + 2 + 15480/90. What is the greatest common factor of 99 and t?
9
Suppose -5*w + w = -896. Suppose 2*o = -4*u + 40, -o + 7*u + 12 = 11*u. What is the highest common divisor of o and w?
28
Let a(j) = 241*j**2 + 33*j + 168. Let r be a(-7). Calculate the highest common factor of 14 and r.
14
Suppose 4*y + 153 = z, -y - 405 - 265 = -5*z. Suppose 50*a - 52*a - 4*l = -30, -4*a + 66 = 5*l. What is the highest common factor of a and z?
19
Suppose -2*k + 4574 = 4208 - 15598. Calculate the greatest common factor of k and 104.
26
Let a(o) = 2*o. Let r(q) = -1003*q - 15. Let z(n) = -2*a(n) - r(n). Let h be z(1). What is the highest common divisor of 78 and h?
78
Let i be 2/10 + (-63)/15. Let z be 28/6*(-6)/i. Let v be -2*(-36)/32*112/4. Calculate the greatest common divisor of v and z.
7
Let v = -5263 + 5290. What is the greatest common divisor of 27 and v?
27
Let u be 1/(1/61) + -3. Let w be (-9)/(108/30)*(-4)/5. Suppose 4*c = 3*h - 0*h - u, -w*h + 5*c = -48. Calculate the greatest common divisor of 56 and h.
14
Let v(w) = 3*w + 59. Let f = 49 - 57. Let r be v(f). Suppose s + 8 - r = 0. Calculate the highest common factor of 18 and s.
9
Let m be (16/10)/(7 + (-17303)/2475) - 4. What is the greatest common factor of 1872 and m?
16
Let n(p) = -26*p - 1125. Let y be n(-45). Calculate the greatest common factor of y and 21.
3
Let k(d) = 4651*d + 23285. Let p be k(-5). Suppose 2*o + o = 225. What is the highest common divisor of p and o?
15
Suppose 33*l - 34*l + 258 = 0. Let q = l - 218. Calculate the highest common factor of 280 and q.
40
Suppose 23*a + 102 = 1624 + 870. Calculate the highest common factor of 2106 and a.
26
Suppose 5*y = -w + 91, -64 = -4*y - w - 2*w. What is the greatest common factor of y and 8018?
19
Suppose 58740 = 10*r - 16340. Suppose -24742 - r = -50*q. What is the highest common factor of q and 15?
15
Let d be -12*((-3531)/319 + 11 + (-5096)/116). Calculate the greatest common divisor of 1804 and d.
44
Suppose -8*q + 1980 = -3*q. Let s = -63 + 80. Suppose -484 = -s*f + 6*f. What i